y 17?
16
Let w(s) = s**2 - 5*s + 9. Calculate the remainder when w(6) is divided by 4.
3
Let p(y) = y**2 - 4*y - 8. Let o be p(6). Suppose 186 = 5*f - 0*a - o*a, 2*f - 3*a = 80. Let t = 62 - f. What is the remainder when t is divided by 15?
13
Let h = -2 - -5. Let i = h - 0. Let v = 6 + i. Calculate the remainder when v is divided by 5.
4
Let n(c) = 3*c**2 - c. Suppose -3*p + p = -10. Suppose -5*s - p = -15. What is the remainder when n(1) is divided by s?
0
Let q(b) = b**2 + 0*b**2 - b + 6 + 5*b**3 - 6*b**3. What is the remainder when 17 is divided by q(0)?
5
Calculate the remainder when 3 is divided by (0 - (-1)/(-3))*-6.
1
Let l(p) = -p**3 + 5*p**2 - 2*p - 2. Let z be l(4). Suppose -z*n = -258 + 6. Calculate the remainder when n is divided by 15.
12
Suppose 0 = j - 2, 3*z - 7*z - 4*j + 472 = 0. Suppose w + z = 3*v, -w = -3*w - 10. Suppose 0 = 5*p - 3*p - 26. Calculate the remainder when v is divided by p.
11
Suppose -3*r = -0*r - 162. What is the remainder when r is divided by 19?
16
Suppose 3 = -4*h + 23. Calculate the remainder when h + -2 + -2 + 25 is divided by 9.
8
Calculate the remainder when 234 is divided by -4*177/(-24)*2.
57
Let i = -11 - -15. Suppose 0 + 8 = i*g. Suppose a = 4*j + 32, 3*a - 5*j = g*a + 37. What is the remainder when 23 is divided by a?
11
Suppose -t = 0, -l = -4*l - 4*t + 24. Let m(f) = 2*f**2 - f - 1. Calculate the remainder when m(3) is divided by l.
6
Suppose -3 + 12 = 3*b. Let v(o) = 2*o + 0 - 3 + b*o**3 + 0 - 3*o**2. Calculate the remainder when 25 is divided by v(2).
12
Let c = -158 + 175. Calculate the remainder when 30 is divided by c.
13
Suppose -4*j + 30 = -2*t, -3*t - 5 = 2*j - 3*j. What is the remainder when 38 is divided by j?
6
Suppose -5*y - d = -183, -y + 26 = -5*d + 5. Let v be ((-9)/12)/(3/y). Let a = -4 - v. What is the remainder when a is divided by 3?
2
Suppose 2*p - 94 = 4*t, 5*p = 4*t - 8*t + 193. Let c = p - 29. Calculate the remainder when 22 is divided by c.
10
Suppose 23*j + 140 = 25*j. What is the remainder when j is divided by 19?
13
Let v(o) = 2*o**3 - 10*o**2 + o + 9. What is the remainder when 69 is divided by v(5)?
13
Suppose c - 14 = 13. Suppose -4*d - c - 9 = -4*p, -d - 27 = -4*p. What is the remainder when 17 is divided by p?
5
Let n = -183 + 269. Calculate the remainder when n is divided by 23.
17
Suppose -r + 8 = -3. Let a = 12 + 9. What is the remainder when a is divided by r?
10
Suppose -216 = -d - 3*d - 3*s, -212 = -4*d - 2*s. What is the remainder when 150 is divided by d?
48
Let t = 24 - 3. What is the remainder when 61 is divided by t?
19
Let z be (4 - 6)*(-5)/(-2). Let n(f) = -f**3 - 5*f**2 - f + 3. Let a be n(z). Suppose 0 = 4*q + a - 120. Calculate the remainder when q is divided by 10.
8
What is the remainder when 93 is divided by (342/(-27))/((-2)/3)?
17
Let q = 9 - -5. What is the remainder when 38 is divided by q?
10
Suppose -24*b + 2716 = 4*b. Suppose 76 - 1 = 3*i. Calculate the remainder when b is divided by i.
22
Let b be (56 - 0/(-1)) + 2. Suppose 2*i + 5*t - 15 = 3*i, -4*t + 54 = -2*i. Let y = b + i. What is the remainder when y is divided by 8?
7
Let g(r) = 13*r + 5. Let d(i) = 14*i + 4. Let n(f) = -6*d(f) + 5*g(f). Let o = 0 - 1. What is the remainder when n(o) is divided by 11?
9
Suppose 2*t + 3*t - 10 = 0. Calculate the remainder when 3 is divided by t.
1
Let b = 8 - 5. Let j = b + -2. What is the remainder when -18*j/4*-2 is divided by 5?
4
Let v = -85 - -145. Suppose 3*t + 2*t = v. Suppose 49 = 3*c + 4*n, c + 2*n = 6*c - 125. What is the remainder when c is divided by t?
11
Calculate the remainder when 98 + -3 + 0 + 0 is divided by 16.
15
Suppose 0 = c - 3*u - 109, 78 - 514 = -4*c - 5*u. What is the remainder when c is divided by 10?
9
Let z = -37 + 68. Suppose -i = 4*i - 55. Calculate the remainder when z is divided by i.
9
Let g(j) = j**2 - 9*j - 6. What is the remainder when g(13) is divided by 3/(-6) - (-33)/2?
14
Calculate the remainder when ((-385)/25 + -2)*-5 is divided by 18.
15
Let u = 179 - 169. Calculate the remainder when 53 is divided by u.
3
Suppose 10 + 5 = s. Let c(g) = 43*g**2. Let m(d) = d**2 + 6*d + 1. Let b be m(-6). Calculate the remainder when c(b) is divided by s.
13
What is the remainder when 36 is divided by 12/(-8) + 124/8?
8
Let o(y) = -6*y + 3. Let d(j) = 3*j**2 - 7. Calculate the remainder when d(-4) is divided by o(-3).
20
Let n be 12/42 - 23/7. Let y(z) = z**3 + 6*z**2 + 3*z - 4. Calculate the remainder when 55 is divided by y(n).
13
Let a(f) = -f**3 + 4*f**2 + 2. Let t be a(4). What is the remainder when 4 - -17 - t*1 is divided by 5?
4
Let d(l) = -7*l**3 - l**2 - l + 3. What is the remainder when d(-2) is divided by 10?
7
Suppose -2*j = -5*g - 145, g = 2*j - g - 130. What is the remainder when j is divided by 16?
12
Let z(k) = -10*k + 7. Calculate the remainder when z(-8) is divided by 22.
21
Let u(x) = -x**2 + 4*x + 7. Let b be u(6). Let r = -1 + b. Calculate the remainder when (-2)/4 - 69/r is divided by 4.
3
Let y = 6 - 2. Suppose -5*d - 38 - 37 = y*q, d = 5*q - 15. Let c = -10 - d. What is the remainder when 14 is divided by c?
4
Let q(h) = -h - 10. Let o be q(-7). Let t = 13 + o. What is the remainder when t is divided by 4?
2
Suppose 25 = -2*o + 77. Calculate the remainder when o is divided by 9.
8
Let q = -79 - -124. What is the remainder when q is divided by 16?
13
Calculate the remainder when (-93)/(-2) - (-3)/(-6) is divided by 12.
10
Let a(k) = -6*k**3 + 4*k**2 + 4*k + 3. Let r be a(-2). Suppose 4*w + 15 - r = 0. Let o = -13 + 19. What is the remainder when w is divided by o?
5
Let k(x) = x**2 + 17*x + 6. Calculate the remainder when 34 is divided by k(-17).
4
Let o = 6 + -4. Let p be ((-70)/(-12))/7*6. Suppose -p = -o*f + 5. What is the remainder when 13 is divided by f?
3
Let g = -59 + 84. Calculate the remainder when g is divided by 13.
12
Let f(q) = q**3 - q**2 + q + 75. What is the remainder when f(0) is divided by ((-8)/6)/((-28)/399)?
18
Let y(t) = -2*t + 14. Calculate the remainder when 43 is divided by y(-5).
19
Suppose -4*a = 2*y - 3*y + 20, 0 = 2*y - 2*a - 40. Calculate the remainder when 74 is divided by y.
14
Suppose -2*r + 55 = 3*r. Calculate the remainder when 87 is divided by r.
10
Let d = 205 - 151. What is the remainder when 322 is divided by d?
52
Calculate the remainder when 30 is divided by 11/(2 + (-4)/4).
8
Let t = -11 - -17. What is the remainder when ((0 - 1)*22)/(-2) is divided by t?
5
Let d be 1 - 1 - 2 - 13. What is the remainder when 260/6*(-18)/d is divided by 18?
16
Let x(w) = w**2 - w - 5. Let i(j) be the third derivative of -5*j**4/24 - j**3/3 - j**2. Calculate the remainder when x(7) is divided by i(-3).
11
Let v be -1 + 3 - (-16)/(-1). Let l = 21 - v. Calculate the remainder when l is divided by 12.
11
Let x(s) = 2*s**2 - s + 2. Let i be x(2). Let j(q) = 2*q**2 - 7*q + 1. Let y be j(5). Let n = y - i. Calculate the remainder when 14 is divided by n.
6
Let m = 49 - 45. Calculate the remainder when 23 is divided by m.
3
Let u(t) = t**3 + 7*t**2 + 7*t + 8. Let r be u(-6). Suppose 13 = 4*s - k, r*s - k - 5 = -2*k. Calculate the remainder when -13*s*(-4)/6 is divided by 14.
12
Let n = 4 - 4. Let g = n + -12. Let o = 28 + g. Calculate the remainder when o is divided by 9.
7
Suppose 0 = 5*n - 18 - 57. What is the remainder when 59 is divided by n?
14
Let m = -6 + 8. Suppose -3*v + m*v = -15. Calculate the remainder when 44 is divided by v.
14
Let c(o) = o**2 - 6*o + 1. Let z(i) = -2*i**2 + 5*i - 2. Let g(x) = 3*c(x) + 2*z(x). What is the remainder when 9 is divided by g(-7)?
3
Let o be ((-2)/(-6))/(2/(-6)). Let s(z) = -6*z + 1. What is the remainder when 19 is divided by s(o)?
5
Let j = -6 + 111. What is the remainder when j is divided by 12?
9
Let z = 52 + 16. What is the remainder when (-1)/(1/(z/(-4))) is divided by 10?
7
Let z(g) = -g**3 - 5*g**2 + 4*g - 4. Let j be z(-6). Suppose 0 = s + c - j, -3*c - 1 + 15 = s. Calculate the remainder when 18 is divided by s.
3
Suppose -g = -2*g. Calculate the remainder when 37 is divided by 24 - (g + 2) - 3.
18
Let u(q) = 2*q**2 - q. Calculate the remainder when 2 + 11/9 + (-18)/81 is divided by u(1).
0
Let m = -447 - -642. Calculate the remainder when m is divided by 22.
19
Suppose -l - 28 = -v + 42, -344 = -5*v + 3*l. Let f = v + -45